sor of w and u.
66
Suppose -142*a + 141*a = -3*x + 1, 0 = 4*a - 2*x - 56. What is the greatest common factor of a and 1?
1
Let c(i) = 2*i**2 - 10*i - 108. Let s be c(14). Calculate the greatest common divisor of s and 468.
36
Let i(v) = -5*v**3 + 219*v**2 + 48*v - 149. Let w be i(44). Calculate the highest common divisor of w and 3969.
27
Let w(j) = -4*j - 10. Let q be w(-6). Suppose -q*f - 525 = -29*f. What is the highest common factor of 35 and f?
35
Let r be 2244/32 + (-279)/248. Calculate the highest common divisor of 759 and r.
69
Let c = -73 + 116. Let o = 45 - c. Suppose -59 = -o*d - n, 2*n - 1 - 5 = 0. Calculate the highest common divisor of d and 21.
7
Let h(j) = j**3 - 6*j**2 + 34*j - 170. Let u be h(6). Calculate the greatest common factor of 32 and u.
2
Let l(a) = -17*a - 131. Let g be l(-8). What is the highest common divisor of g and 107?
1
Let i(p) = 3*p**3 + 99*p**2 - 2*p + 26. Let c be i(-32). What is the greatest common factor of 279 and c?
93
Suppose -14*c - 34 + 440 = 0. Suppose -4*l + 10 = 2*u, 0 = -2*u - u + l + c. Calculate the greatest common divisor of u and 72.
9
Let k be ((-1005)/12)/(1/(-4)). Suppose -k - 177 = -8*h. Suppose -5*s + h = 5*z - 2*s, -s - 58 = -4*z. What is the highest common factor of z and 2?
2
Let m(h) = h - 7*h + 2*h + 4. Let c be m(-4). Let t(a) = -a**2 + 80*a + 905. Let r be t(90). Calculate the greatest common divisor of c and r.
5
Let a = -23431 - -23483. Suppose -246 = -w + 846. Calculate the greatest common factor of a and w.
52
Suppose -2*q + 43 = 25. Let m(w) = w**2 - 9*w + 9. Let a be m(q). Suppose -4*n = -a + 1. What is the greatest common factor of n and 8?
2
Let z(v) = -v**3 + 106*v**2 + 89*v + 1976. Let d be z(107). Calculate the highest common divisor of d and 1425.
25
Let v be ((-4)/2)/(2/(-49)). Suppose 58*o + 63*o = 206*o - 29155. What is the greatest common divisor of o and v?
49
Let q = 1513 + -1033. Let l = q + -240. What is the highest common factor of l and 30?
30
Let p(c) = c**2 - 4. Let b be p(5). Let x(r) = -8*r**3 + 3*r**2 + 3*r - 3. Let w be x(-3). What is the highest common factor of b and w?
21
Let g(u) = -4*u**2 + 11*u - 20. Let l be g(3). Let k(y) = y**2 + 20*y - 51. Let m be k(l). What is the highest common divisor of 18 and m?
18
Let u = -3606 - -3623. What is the greatest common factor of 34 and u?
17
Let h = -1166 - -1168. Let v = -3 + 6. Suppose -3*o = -v*l + 12, -2*o - 2*o = -3*l + 8. What is the highest common factor of l and h?
2
Let i(d) = 11*d**2 + 26*d - 60. Let w be i(-8). What is the highest common divisor of 327 and w?
109
Suppose -8*v - 448 = -568. Suppose -5*w = v - 35, 58 = 3*h + w. What is the highest common divisor of h and 342?
18
Suppose o + 0*o = 160. Suppose -668 = -2*t + 2*f, -9*f = 3*t - 6*f - 1020. Let a = t + -317. What is the highest common factor of o and a?
20
Suppose -150*o + 312 = -124*o. Calculate the highest common divisor of 1228 and o.
4
Let v = 27 - 25. Suppose 10 = v*h, l + 4*l = -5*h + 100. Calculate the greatest common factor of 40 and l.
5
Let t(x) be the third derivative of -31*x**4/12 - 31*x**3/6 - x**2 - 6. Let k be t(-2). What is the highest common factor of k and 155?
31
Suppose 0 = a + 11 + 5. Let l be (-4)/(a/(-9) + -2). Suppose 5*b - 100 = -5*t, -t - 3*b = -0*t - l. Calculate the greatest common divisor of t and 21.
21
Let a be (15*1)/(0 + 5). Let m = 66 + 60. Suppose -m - 27 = -a*j. Calculate the highest common factor of j and 17.
17
Let x be (-171766)/(-294) + 12/28 - 2/3. What is the greatest common divisor of 56 and x?
8
Suppose -2*j - 6 = -0*j, 0 = 5*z - j + 802. Let o = 633 + z. What is the highest common divisor of 59 and o?
59
Let k = -25 - -5. Let d = 22 + k. Suppose 0 = d*t + 3*r - 21, 0*t - 5*r = -2*t + 45. What is the highest common factor of 10 and t?
5
Suppose 136 = 3*h - 2. Suppose -330*j = -186318 + 64878. What is the highest common factor of j and h?
46
Let n(s) = s**3 + 5*s**2 + 4*s + 3. Let t be n(-4). Suppose 115 = -t*k - 2*k. Let q = -14 - k. Calculate the greatest common divisor of 3 and q.
3
Let k(v) = -3*v**2 - 67*v - 30. Let l be k(-20). Calculate the highest common factor of l and 66.
22
Let w be (2 - 0)/((-6)/33). Let c be (-14592)/88 + 2/w. Let j = -118 - c. What is the highest common divisor of j and 32?
16
Let v = 385 + -381. Suppose 43 = k + 2*u, 2*u = -v*k - 19 + 179. Calculate the highest common factor of k and 624.
39
Suppose -3*v = 4*j - 29202, j + 106*v = 101*v + 7326. Calculate the highest common divisor of j and 16.
16
Suppose 21*g - 24*g + 45 = 0. Suppose 14*l + 39 = g*l. What is the greatest common factor of l and 897?
39
Let z be (3 + (36 - 44))/(5/(-38)). Calculate the greatest common divisor of z and 19.
19
Let i = 4965 - 3483. Calculate the greatest common factor of 234 and i.
78
Let w(x) = -68*x - 4044. Let k be w(-71). Let s be 6/(-10) + 415/25. What is the highest common divisor of s and k?
16
Suppose 2277*q - 2272*q - 5*k - 2660 = 0, 4*q + 5*k = 2119. What is the highest common factor of 3009 and q?
177
Suppose 2*c = 4*c - i - 166, -3*c - 4*i = -260. Let z be 26 + (-1)/((-2)/4). Calculate the highest common factor of c and z.
28
Let a(b) = -117*b - 13*b**2 + 110*b + 8 - 3*b**2 - b**3. Let t be a(-16). Calculate the highest common factor of 24 and t.
24
Suppose -23 = -2*b - 3. Suppose -5*z + 0 = -b. Suppose h = -r - 5 + 49 - 10, -3*h = 0. Calculate the greatest common divisor of z and r.
2
Suppose j - 5*u - 1794 = 0, 0 = -5*j + 5*u + 6597 + 2373. Calculate the highest common divisor of j and 138.
138
Suppose -2*x - 15 = 2*w - 3*w, -x = -w + 11. Suppose 12 - 33 = -w*k. Calculate the greatest common divisor of k and 9.
3
Let v(t) = -98*t**2 - 2*t + 2. Let h be v(1). Let n = 228 + h. What is the greatest common factor of n and 26?
26
Let k = 3 + 1. Let n(o) = -16*o**2 - 9*o + 68. Let u(r) = 3*r**2 - r. Let g(q) = -n(q) - 5*u(q). Let d be g(4). What is the highest common factor of k and d?
4
Let m = 44 - 35. Let q(a) be the third derivative of a**4/12 - 9*a**3/2 - 16*a**2. Let h be q(15). Calculate the highest common divisor of m and h.
3
Suppose -d = 0, -5*d - 9 - 3 = -3*h. Suppose 2*u = 3*y + 122, -4*u + 2*u - 3*y = -134. What is the greatest common factor of u and h?
4
Suppose -10 = 2*i - 20, 2*k = -5*i + 245. Suppose -45 = -3*m - m + 5*b, 34 = 3*m - 4*b. Calculate the highest common factor of k and m.
10
Let z = -151 - -347. Suppose 4*k - 3*u - z = u, 141 = 3*k - 5*u. Let l = 75 - k. Calculate the greatest common divisor of 115 and l.
23
Let z = 9382 - 9141. Calculate the greatest common factor of z and 14219.
241
Suppose -11*z = -17*z - 19656. Let r be (1 + 1)/((-21)/z). Calculate the greatest common factor of 24 and r.
24
Let v(s) = -660*s - 3948. Let w be v(-6). Calculate the greatest common divisor of w and 92.
4
Let m(l) = 1053*l + 63192. Let i be m(-60). Let r = 1728 + -780. What is the highest common divisor of r and i?
12
Suppose 0 = 15*b - 22*b + 45*b - 342. Suppose -5*c = 5*m - 35, 7 = 5*m + 3*c - 5*c. Suppose -m*s + 0*s = -3. Calculate the greatest common factor of s and b.
1
Let u be -1*(-3)/(-12) - (-1809)/36. Let a be u/(3/(6/(-8)*-2)). Calculate the greatest common factor of a and 25.
25
Let z = -46 - -46. Let u(b) = -7*b - 103. Let s be u(z). Let l = s + 220. What is the greatest common factor of 13 and l?
13
Suppose -a - 2 = z, 5*a + 0*z - 2 = z. Suppose 12*s - 21*s + 81 = a. Let m = 249 - 132. What is the greatest common divisor of s and m?
9
Let o be -3 + 0 + -25 + 3. Let r = o - -43. Let q = 282 - 278. What is the highest common divisor of r and q?
2
Suppose 171*y + 3*m = 173*y - 476, -y + 289 = 7*m. Suppose -2*o - 3*z = -20, -3*o - 5*z + 36 = 7. What is the greatest common divisor of y and o?
13
Let p = -59 + 62. Let u be (-14*p)/3 - (-4)/(-1). Let a(b) = b**2 - b - 12. Let q be a(u). What is the greatest common divisor of 30 and q?
30
Let h be 10832/(-24)*(0 - 6). Suppose -522 - h = -17*i. Calculate the highest common factor of i and 152.
38
Suppose 25*y - 10 = 20*y. Suppose -q = y*p - 239, -4*p = 4*q + 133 - 617. Calculate the greatest common factor of 59 and p.
59
Suppose -31*r - 32 = -35*r. Let g(d) = -2 - d**2 - 4 - 2 + 15*d. Let z be g(r). Calculate the highest common divisor of 16 and z.
16
Let j(g) = 89*g**2 - 500*g + 9. Let v be j(6). What 